h, 2*h = 2*w - p. Let o = 35 + -23. Calculate the highest common divisor of w and o.
12
Let p = -7 + 9. Suppose p*a = -g + 36, 4*g = 4*a + 163 + 29. What is the highest common divisor of 66 and g?
22
Suppose -12*h = -4*h - 240. Calculate the greatest common divisor of 15 and h.
15
Let d(q) = q**3 - 3*q**2 + 3*q + 2. Let l be d(4). What is the greatest common factor of 135 and l?
15
Let s = 9 - 3. Let r be (12/(-36))/((-1)/90). What is the greatest common divisor of s and r?
6
Suppose -19*u - 12 = -22*u. What is the highest common factor of u and 28?
4
Let f be 155/9 + 3 + (-116)/36. Calculate the greatest common divisor of 187 and f.
17
Suppose 2*z - z + 111 = 0. Let l be -1 + z/(1/(-1)). Let p = 38 + -28. Calculate the greatest common divisor of l and p.
10
Let k = -10 - -94. What is the highest common divisor of k and 28?
28
Suppose 5*b - 6 = 3*o, -4*o = -b - 0*b - 9. Calculate the greatest common factor of 6 and o.
3
Let y = 53 - 29. Calculate the highest common factor of y and 6.
6
Suppose -3 + 15 = v. What is the greatest common divisor of 40 and v?
4
Let t(y) = 2*y**2 - 11*y + 4. Let q be t(7). What is the highest common divisor of 10 and q?
5
Let r be (-1 - 1)*(-6)/4. Suppose 12 + 9 = r*x. Calculate the highest common factor of 21 and x.
7
Let r be (5/2)/5*10. What is the highest common divisor of r and 25?
5
Let b = -60 - -80. What is the greatest common divisor of b and 4?
4
Suppose 5*s + 3 = 18, 36 = 3*r - 2*s. Calculate the highest common divisor of r and 14.
14
Suppose 112 = u + f, 2*f = u - 51 - 55. Calculate the highest common factor of u and 22.
22
Let b(g) be the second derivative of 187*g**4/12 + g**3/6 + g**2/2 - 5*g. Let a be b(-1). Let l = -19 - -36. What is the highest common factor of l and a?
17
Let m = -85 - -104. What is the highest common divisor of m and 57?
19
Let t be (-16)/72 + (-50)/18. Let u be t*(16/6)/(-1). Calculate the highest common factor of 16 and u.
8
Let o = -21 - -65. Suppose -3*m + 6*q = 3*q - 6, 10 = 5*m + 3*q. Suppose 0*z - m*z + 8 = 0. What is the highest common factor of o and z?
4
Suppose 2*i + u = 24, -4*i - 5*u = -25 - 11. Calculate the greatest common divisor of i and 21.
7
Let g be 6*-4*(-1)/6. Suppose -b + g = -4. Let v be 994/18 - b/36. What is the highest common factor of 22 and v?
11
Suppose 23*z - 1 = 22*z. Suppose -5*m + m + 4 = 0. What is the greatest common divisor of z and m?
1
Suppose m + 5 = 0, -5*i + i - 2*m + 22 = 0. What is the highest common divisor of 40 and i?
8
Let p(r) = -3*r + r + 3*r - 10*r + 3. Let n be p(-1). Calculate the greatest common factor of n and 3.
3
Suppose 5*z + 35 = 265. Let p = -26 + z. Suppose -4*w - w = -p. Calculate the greatest common factor of w and 12.
4
Let p(o) = -11*o**3 - 2*o**2 + 1. Let f be p(-1). Calculate the highest common divisor of f and 15.
5
Suppose t = 3*p - 17, -2*t - 10 = -p - p. Let g(x) = -x**3 + 6*x**2 + x - 5. Let a be g(p). What is the highest common divisor of 1 and a?
1
Let q be 3*(3 - 24/9). Let s be (-2)/(-2)*(2 + q). Suppose 0 = f + 4*y + 19, 3*f + 2 = -2*y - 5. Calculate the greatest common divisor of s and f.
1
Suppose -15 = -3*p + 3. Let q = 28 + -19. Calculate the greatest common divisor of q and p.
3
Suppose 31*v - 192 = 27*v. What is the highest common divisor of 168 and v?
24
Let c(l) = l**3 + 6*l**2 - 18*l - 12. Let x be c(-8). Suppose 4*t = x*d - 4, -5*d - t + 14 + 21 = 0. What is the greatest common divisor of d and 4?
2
Suppose 3*s - s = 364. What is the highest common divisor of s and 14?
14
Let y(f) = -f**3 + 13*f**2 - 29*f - 9. Let c be y(9). Calculate the greatest common factor of 594 and c.
54
Let d = 14 - 105. Let h = -40 - d. What is the highest common divisor of 34 and h?
17
Let k be 145/2 - (-2)/(-4). Suppose 7*t = 10*t - 54. What is the highest common factor of k and t?
18
Let l = 8 - 6. Suppose -2*g = 3*b - 147, -3*g = l*g - b - 359. Suppose -2*p - 3*p + 45 = 0. What is the greatest common divisor of g and p?
9
Let d = 45 + -32. Calculate the greatest common factor of 26 and d.
13
Let v(b) = -b**3 + 8*b**2 - 10*b - 7. Let p(w) = w**2 + w - 6. Let m be p(3). Let r be v(m). Calculate the highest common divisor of 15 and r.
5
Let h = -43 - -46. Calculate the highest common divisor of 21 and h.
3
Suppose 7*j + 194 - 1034 = 0. Calculate the greatest common factor of 24 and j.
24
Suppose -2*f = 4*c + 976, 4*c + 1506 = -3*f + 528. Let g = -138 - c. What is the greatest common divisor of g and 21?
21
Let s be ((-12)/5)/((-4)/10). Let d(v) = v + 13. Let u be d(s). What is the highest common factor of u and 76?
19
Let h(a) = a**3 - 5*a**2 - 2*a - 3. Let m be h(6). What is the highest common factor of 21 and m?
21
Let g be 8/1 - 4 - -45. Let k = g + -9. Let s be (-1)/(((-2)/1)/20). What is the greatest common divisor of k and s?
10
Let q = -45 + 164. What is the greatest common factor of q and 14?
7
Let a be 1 + -2 + 4/1. Let o be 12/(-9)*3/2. Let f be o/2*-5 + -2. What is the highest common divisor of a and f?
3
Let i be -2 + 4 - 1*359. Let l be (-1)/(i/354 + 1). Suppose l = 5*z - 2*h - 80, 5 = 5*h. What is the highest common factor of z and 10?
10
Let z(n) = n - 19. Let j be z(18). Let u(y) be the first derivative of 19*y**3/3 + y**2/2 - 1. Let o be u(j). What is the highest common factor of 9 and o?
9
Let v be 4/((-36)/15)*3*-1. What is the greatest common divisor of v and 45?
5
Suppose -n + 3*o = o - 16, -5*n = -5*o - 60. Calculate the greatest common factor of 1 and n.
1
Let q be 1*(-3 - -1) - -2. Let v(r) = -r**2 + r + 40. Let u be v(q). What is the highest common factor of u and 5?
5
Let f(b) = -4*b - 5. Let y be f(-3). What is the greatest common factor of y and 56?
7
Let d = 4 - 1. Suppose -d*k + 0*k = -867. Let l = 425 - k. Calculate the greatest common divisor of l and 17.
17
Let i(p) = 101*p**3 - 2*p**2 + 1. Let a be i(1). Suppose 19 = h - a. Calculate the highest common factor of 17 and h.
17
Suppose -4*d = 3*a - 17, 0 = 2*d - 2*a - 2*a + 8. Let b(c) = 21*c**2 + c. Let q be b(1). Calculate the highest common factor of d and q.
2
Suppose 5*q - 452 - 153 = 0. Calculate the greatest common factor of q and 11.
11
Suppose 11*x + 10*x - 378 = 0. What is the greatest common divisor of x and 81?
9
Let g = -3 - -9. Suppose g*i - i = 80. Calculate the highest common divisor of 24 and i.
8
Let n = 16 + -11. Calculate the highest common divisor of 5 and n.
5
Let r = -7 + 10. Let s be (-1)/r - 55/(-3). Let z(w) = -w - 3. Let g be z(-5). Calculate the greatest common divisor of g and s.
2
Let i(q) = -q**2 + 19*q - 49. Let p be i(13). What is the highest common divisor of 319 and p?
29
Let w be (-627)/(-55) - (-3)/5. What is the greatest common factor of 42 and w?
6
Suppose z = g + 21, 30 = z - 0*z + 2*g. Calculate the greatest common factor of z and 96.
24
Suppose -6*a = -3*a. Let b be (2 - 0 - -18) + a. Suppose 3*d - 615 + 75 = 0. What is the highest common divisor of b and d?
20
Let i(m) = -m + 54. Let b be i(0). Let c = -7 - -1. Let u = c + 12. Calculate the greatest common factor of u and b.
6
Suppose 0 = 47*t - 42*t - 10. What is the greatest common divisor of t and 10?
2
Let u be (-6)/4 - 564/(-24). Calculate the highest common factor of u and 22.
22
Let x(l) be the second derivative of 7*l**3/6 - l**2/2 + 3*l. Let m be x(1). Calculate the highest common factor of 12 and m.
6
Suppose -h + 3 = 1. Let v be (1 - -2)/(h/6). Calculate the greatest common divisor of 54 and v.
9
Let j(d) = d**3 + 11*d**2 - 17*d - 15. Let u be j(-10). Calculate the highest common divisor of 15 and u.
15
Let c(x) be the third derivative of 19*x**6/30 + x**5/60 - x**4/24 + x**3/6 - 5*x**2. Let o be c(1). Calculate the highest common divisor of 7 and o.
7
Let f(o) = -o**2 + 20*o - 39. Let p be f(16). What is the highest common factor of p and 175?
25
Suppose 3*g - g = 0. Suppose -2*u - 3 - 5 = g. Let m = u - -12. What is the highest common divisor of 32 and m?
8
Let y(l) = -l**3 - 8*l**2 - 7*l - 2. Let h be y(-7). Let a = h + 6. Suppose -116 = -a*x + 16. Calculate the highest common divisor of 3 and x.
3
Let w be 68/16 - 4 - 703/(-4). What is the greatest common factor of w and 22?
22
Let h be 6/(-27) + 145/45. Calculate the highest common factor of 6 and h.
3
Suppose -3*h = 3*s + 27, 0 = -2*s + 4*h - h - 33. Let p = s - -22. Suppos